y be ((-289)/51 + -3)*(14/4 + -2). Determine s(y).
-9
Let k(u) be the first derivative of u**3/3 - 3*u**2 + 7*u - 115. Let h be ((-12)/20)/((-2)/20). Determine k(h).
7
Let i be (0 + (2 - 1))*-6. Let c(p) = 43*p + 11. Let h(n) = -8*n - 2. Let d(q) = 2*c(q) + 11*h(q). Let w(v) = -11*v. Let j(s) = 5*d(s) - w(s). Give j(i).
-6
Let t(a) = -3*a**3 - 21*a**2 + 73*a + 43. Let d(o) = 14*o**3 + 82*o**2 - 297*o - 171. Let h(k) = 2*d(k) + 9*t(k). Give h(22).
-21
Let o be ((-22)/(-44))/((-1)/4) + 6. Suppose -o*m - 26*n - 26 = -24*n, -32 = 3*m + 4*n. Let y(g) = 3*g**2 + g**3 + 0*g**3 - 6*g + 2*g - 6. Calculate y(m).
-6
Let t(q) = 4*q + 4. Let w be (((-165)/176)/15)/((-1)/16). What is t(w)?
8
Let h(q) = -q**2 + 12*q - 8. Suppose 1140 = 62*s - 57*s. Suppose 3*l = -207 + s. What is h(l)?
27
Let v(s) = -12 + 0*s**2 + 60*s - 45*s + 8 + s**2 + 39. Calculate v(-11).
-9
Let f(l) = -15*l**3 + 6*l**2 + 9*l - 6. Let s(w) = -73*w**3 + 29*w**2 + 43*w - 29. Let r(m) = 19*f(m) - 4*s(m). Give r(1).
6
Let y(j) = -2*j**3 + 21*j - 19*j**2 - 22 + 3*j**3 + 10*j**2 + j**2. What is y(4)?
-2
Let o(i) = i**2 - 2*i - 22. Let c be (-6)/12 - 26/(-4). Let k be o(c). Let a(r) = k*r - 1 + r - r + 3. Calculate a(-3).
-4
Let b = 91 - 141. Let g = b - -50. Let y(i) = 146 - 276 - i**2 + 136. Determine y(g).
6
Suppose 0 = 5*n + 3*y - 90, 4*n = -13*y + 14*y + 72. Suppose 12*g - 18*g = -n. Let s(i) = -2*i**2 + 4*i - 3. Determine s(g).
-9
Let l(t) = -t**3 + 7*t**2 - t - 2. Let i = 45 - 55. Let c be (i - 36)*(-2)/4*1. Suppose -c + 2 = -3*x. Determine l(x).
-9
Let q(l) = l + 12. Suppose -2*z - 671 = 3*h, -z = 2*z + 5*h + 1008. Let j = -337 - z. What is q(j)?
6
Suppose -8*p - 132 = -2*p. Let n be (-14)/70 + p/(-10). Let z(w) = -w**3 - w**2 - 2*w + 3. Calculate z(n).
-13
Let x(z) = z - 1. Let l be ((-28)/21 + 2)/(1/6). Suppose l*g - 4*h = 56, 0 = -3*g - h + 2*h + 42. Let s = -22 + g. Calculate x(s).
-9
Let b = -33098 - -33050. Let k(f) = -f**2 - 61*f - 622. Determine k(b).
2
Let x(o) = o**2 - 5*o - 3. Let i be (-1 + (-281)/(-3))*6/(-4). Let b = i - -144. Give x(b).
-3
Let z be (-18 + 15)/(20/(-14) + 1). Let g = 5 - z. Let p(h) = -9*h + 13*h - 7*h - 1. What is p(g)?
5
Suppose -3*l + 30 = -13*l. Let k be l/(-3)*-7*(-1)/1. Let o(w) = 2*w - 3. What is o(k)?
11
Let q = -306 + 356. Suppose 0 = -19*s - 107 + q. Let h(z) be the second derivative of -5*z**3/6 - 3*z**2/2 - z. What is h(s)?
12
Let y(n) = -3384 + n + 6808 + 13*n - 3375. What is y(-6)?
-35
Let l be (2 - 3)/((-2)/(-14)). Let p(j) be the first derivative of -1/4*j**4 - 7/3*j**3 - 307 - j - 1/2*j**2. Determine p(l).
6
Let n(u) = u**3 + 2*u**2 - 1. Let h be n(1). Let m(b) = -b - 1. Let p = 426 + -428. Let r(o) = 3*o + 3. Let s(f) = p*r(f) - 4*m(f). Calculate s(h).
-6
Let u(j) be the first derivative of j**3 + 39*j**2/2 - 44*j - 1202. Calculate u(-14).
-2
Let m(p) = -4*p**2 + 2*p + 1. Let s(t) = -t**3 - 6*t**2 - 27*t - 209. Let j be s(-7). Suppose j*o + 30 - 1 = 0. What is m(o)?
-5
Suppose -4*o + 13*v + 48 = 17*v, 4*o + v - 63 = 0. Let f(y) = -3*y - 3 + o + 3 - 5. Determine f(4).
0
Let x(h) = -7*h**2 + 2*h + 1. Let p(o) = o + 1 + 14*o**2 - 7*o**2 - 2*o**2 - 8*o**2. Let b(t) = -5*p(t) + 2*x(t). Calculate b(0).
-3
Suppose -57 = -4*s + 5*j, -3*j = 9 + 6. Let m(a) = -90*a**2 + 4*a**3 - 3*a**3 + 41*a**2 + 42*a**2 - 6 - 8*a. Determine m(s).
-6
Let t(x) be the second derivative of -x**5/30 - x**4/6 - 2*x**3/3 + 110*x**2 + 43*x + 3. Let w(m) be the first derivative of t(m). Give w(-3).
-10
Let d(i) = -104 + i**3 + 104 - 3*i + 2*i**2 + 2*i - 5*i**2. Determine d(0).
0
Let p(k) = -k**2 + k - 8. Suppose -13*d + 40*d - 81 = 0. Let q(r) = -r + 6. Let m(y) = d*q(y) + 2*p(y). What is m(3)?
-19
Let z(u) = 7*u**2 - 13*u + 14. Let t(q) = -10*q**2 + 14*q - 14. Let c(w) = -2*t(w) - 3*z(w). Calculate c(12).
-26
Let n(w) = -109 + 416*w - 414*w + 99. Determine n(6).
2
Let s(u) = u**3 - 30*u**2 + 163*u - 10. Let m be s(7). Let y(d) = d**2 + d. Let r(n) = -n**3 + 5*n**2 + 4*n - 3. Let f(p) = r(p) - y(p). Determine f(m).
9
Let s = 9952 - 9949. Let x(o) = o**3 + o**2 - 6*o - 4. Determine x(s).
14
Let l = 21 - 27. Let j(f) be the third derivative of -71*f**2 + 0 - 1/24*f**4 - f**3 + 0*f. Determine j(l).
0
Let l(f) = f - 2. Let u(k) = -k**3 - k**2 - 5. Let v be u(0). Let t = 87 + -93. Let n be 3*v/t*-2. What is l(n)?
-7
Suppose 5*f = 5*b + 4*f + 1, 0 = 4*b + 4*f + 20. Let c(l) = 11*l**3 + 2*l**2 + 3*l + 4. Determine c(b).
-8
Let x(y) = -y**3 - y - 6. Let t be ((-8)/(-6))/(6/9). Suppose -5 = t*f - f - 2*b, 0 = b - 3. Let j(l) = -l**3 + l. Let a be j(f). What is x(a)?
-6
Let x be 9/(-6) - (-1817)/(-2). Let m = 906 + x. Let a(v) = -v**3 - v**2 - 1. Give a(m).
47
Let y be (1 + 3/15)/((-24)/(-60)). Let q(b) = 5*b - 2*b**2 + 6 + b**y + 12*b**2 - 16*b**2. Calculate q(5).
6
Let s(c) = c**3 - 6*c**2 + c + 1. Let f(k) be the third derivative of -k**4/12 - 19*k**3/3 + 4*k**2. Let u be f(-15). Let g = u - -13. Give s(g).
-19
Let x(u) = -u - 1. Let c be 0/(1*(-2)/1). Suppose 2 = 3*p - 5*q + 16, -4*p + 4*q - 24 = c. Calculate x(p).
7
Let b(g) be the first derivative of 61 + 3*g**3 + 10*g - 9/2*g**2 - 1/4*g**4. What is b(8)?
2
Let b(g) = 17150*g + 17149*g - 34306*g. Let l = 3 + -2. What is b(l)?
-7
Let w(q) = -q**2 + 3*q. Let v(o) = -o**2 + 3*o - 2. Let r be v(-3). Let j be -16*((-9)/2 - -3). Let c = j + r. Calculate w(c).
-4
Let b(j) be the third derivative of -j**6/120 - j**5/30 - j**4/6 - j**3/3 - j**2. Suppose -96 + 75 = -7*k. Suppose 0 = -g - v, -v = k*g + v + 2. Calculate b(g).
6
Let j(p) be the third derivative of 19*p**5/10 - p**4/8 - p**3/3 - p**2 + 1269. What is j(-1)?
115
Let y(n) = -n**2 - 1436*n - 1445*n - 1442*n + 29 + 4312*n. What is y(-9)?
47
Let i(z) = z**3 - 7*z**2 + 6*z - 7. Suppose -31 = 4*f + 13. Let v(p) be the first derivative of p**2 + 28*p + 5. Let c be v(f). Determine i(c).
-7
Let t(w) be the second derivative of -w**5/20 + w**4/4 + 7*w**3/6 + 9*w**2/2 - 355*w + 4. Determine t(5).
-6
Let o(a) = -a**2 + 75*a + 9516. Let t be o(142). Let x(g) be the first derivative of -1/3*g**3 + 1/4*g**4 - 2*g**t + 3*g + 4. What is x(2)?
-1
Suppose -90*g - 4*o = -88*g + 24, 5*g - 5*o = -15. Let q(y) = -y**3 - 4*y**2 + 3*y - 15. Calculate q(g).
39
Let a be 10 - (-1 - 4 - (7 + -17)). Suppose -5*b = -2*w + 6*w - 36, a*w = -3*b + 19. Let y(p) = -p + 4. What is y(b)?
-4
Let t(r) be the second derivative of r**4/12 + 2*r**3/3 - 3*r**2 + 2*r. Let y(o) = 55*o**2 - o - 3. Let d be y(2). Let k = -220 + d. Give t(k).
-1
Let m(l) = -636 - 76*l - 374 - 409 - 157*l + 75*l. Determine m(-9).
3
Let d = 172 + -168. Let r(y) = -d + 3 - 11*y + 9*y + 10*y. Determine r(1).
7
Let s(b) = -16*b**2 + b - 1. Let j(m) = 46*m**2 + 20*m - 85. Let o(f) = j(f) + 3*s(f). What is o(6)?
-22
Suppose 0 = -3*d - 0*t + 4*t - 16, -8 = 4*t. Let o = d - -13. Let l(h) = -4 - 7 + 3 + 4 - o*h - h**2. Determine l(-4).
0
Let c(y) = 15*y**2 + 1 + 3*y**2 + 7*y**2 - 2*y - 9*y**2 + 10*y**2. Let r = -112 + 113. Determine c(r).
25
Let d be (106/(-6))/((-55)/6 + 9). Let n = -107 + d. Let p(s) = s**3 - s - 1. Determine p(n).
-1
Suppose 2*a - d + 66 = 0, 4*d = -2*a - 111 + 35. Let x = -35 - a. Let o(k) = -3 + 2*k + 4 - k. Give o(x).
0
Suppose 0 = 28*p + 30 - 86. Let l(o) = -o. Calculate l(p).
-2
Let r = -1500 + 1503. Let b(g) be the first derivative of 5*g + 1/3*g**r + 3 + 4*g**2. Determine b(-5).
-10
Suppose 5*j = j + 56. Suppose 4*u - u - 2*c = 16, -2*u + 2*c = -j. Suppose -4*v + 4*a = -8, 29 - 7 = 5*v - u*a. Let w(n) = n**3 - 7*n**2 + 5*n. Calculate w(v).
-6
Let c(t) = -3*t**2 - t**3 + 0*t**3 - 4 + 5*t + 18 - 9 - 6. Calculate c(-4).
-5
Let n(b) = b**3 - 4*b**2 - 3*b + 3. Let a be 150/(-20) + (-1)/(-2). Let v(l) = -l**3 - 4*l**2 + 17*l - 3. Let p be v(a). Suppose -6*x = -x - p. What is n(x)?
13
Suppose -5*x - t = -24, -5*t + 10*t = 5*x. Suppose -z - 20 = x*z. Let g(k) = 3*k - 2. Let h(r) = r - 1. Let a(s) = -g(s) + 4*h(s). What is a(z)?
-6
Let n(a) = -2*a**2 - 2 - 2*a**2 - 5*a**2 + 12*a**2 - 55*a - 23. Determine n(19).
13
Let r(m) = 3*m + 7 - 37 - 3*m - 4*m. Let c be r(-9). Let k(i) = -3*i + 9. Let b(s) = 9*s - 28. Let v(d) = 2*b(d) + 7*k(d). Calculate v(c).
-11
Let f(x) = -x**3 - 4*x**2 + 5*x - 9. Let n be 5*(-7)/(-70)*-10. Give f(n).
-9
Let y(k) = -89 + 39*k - 159 + 78 + k**2. Let j be y(4). Let q(p) = 2*p**2 + p - 3. Determine q(j